 w. Suppose -4*p = 2*t - 102, 3*p + k + 1 = 0. Is t composite?
False
Let g(t) = -4*t**3 - 7*t**2 + 2*t. Let u(a) = -5*a**3 - 7*a**2 + 2*a - 1. Let y(o) = -6*g(o) + 5*u(o). Suppose 0*p - 2*p + 12 = 0. Is y(p) composite?
False
Let u(n) = 11*n**2 + 3*n + 4. Let p be u(3). Let g = p - 59. Is g composite?
False
Let x = 6 + -6. Suppose -2 + 10 = 4*i, x = -5*p - 5*i + 335. Is p composite?
True
Let s(t) = 30*t + 34. Let f(l) = -6*l - 7. Let u(i) = -16*f(i) - 3*s(i). Let r be u(7). Let a = r + 75. Is a a prime number?
True
Let a(j) = j**3 - 6*j**2 + 2*j + 6. Let q be a(5). Let z = q - -226. Is z a prime number?
False
Is ((-22802)/(-13))/(-4*(-1)/2) composite?
False
Let m(b) = b - b - 2*b + 6. Is m(-10) prime?
False
Suppose -2*s - 2*s + 1340 = 0. Is s prime?
False
Let j(c) = -c - 2. Let x be j(-5). Suppose 4*w + 4*v - 40 = 0, -w + 3*v + 10 = 4*w. Suppose w*u = -25, x*d - 3*u - 78 = -0*u. Is d composite?
True
Let p = 5 - 65. Let i = -25 - p. Is i composite?
True
Let p = 1200 + -715. Is p composite?
True
Suppose 4*j = 3*j + y + 46, -3*y - 89 = -2*j. Is j prime?
False
Let d = 0 + -1. Let b be ((-28)/d)/(1/23). Is (b/(-8))/(2/(-4)) composite?
True
Suppose 9 = 5*a - 6. Let z = -14 + 21. Suppose a*s + 204 = z*s. Is s a prime number?
False
Let g = 1 - -204. Is g composite?
True
Suppose 3*c - 7*i + 8*i = 667, -2*i = -4*c + 896. Is c prime?
True
Suppose -3*n - n = -1276. Is n a prime number?
False
Let c be (1 - 15)*(-24)/28. Suppose 0 = -2*f + 2*l - 5*l + c, 5*f - 23 = -4*l. Suppose -g - 46 = -f*g. Is g composite?
False
Is (3 + 4/(-1))*-479 prime?
True
Let q(y) = -113*y**2 - 7*y + 7. Let s(n) = 56*n**2 + 4*n - 4. Let p(t) = -3*q(t) - 5*s(t). Is p(1) a prime number?
True
Let f(x) = -x**3 + 21*x**2 - 14*x - 17. Is f(17) prime?
False
Let l = -155 + 346. Is l a prime number?
True
Suppose 0 = 4*b, -i - 472 = -3*i + 4*b. Suppose -z + 21 + i = 0. Is z prime?
True
Let k(y) = -24*y. Suppose -l - 1 = 3*a, l + 25 = 5*a - 4*l. Let d be k(a). Let f = -2 - d. Is f prime?
False
Let q(r) = -r**3 + r**2 - 6. Let i be q(0). Let y be 9/i*(-2 + -12). Is 2*13*y/6 composite?
True
Let u be 6/(-10)*(-10)/2. Suppose -u*k - b = -40, -k = -3*b + 7*b + 5. Is (-526)/(-10) + 6/k composite?
False
Let w = 4070 - 2363. Is w a composite number?
True
Let q be 2/(-6) - (-11)/(-3). Let d be 6/q*10/(-3). Suppose -d*h + 0*h + 8 = 3*m, -2*m + 27 = -h. Is m prime?
True
Let g(o) = -12*o**3 + o**2 + o + 1. Let k = -13 + 8. Let z = 4 + k. Is g(z) prime?
True
Let q be ((-16)/(-6))/((-2)/21). Let r be (-2)/6 + q/(-3). Suppose -4*c + 3*c = -r. Is c composite?
True
Let a = 1 - -1. Suppose 2*w - j - 13 = -a*w, -5*j + 4 = 3*w. Suppose w*i - 18 = -0*i. Is i composite?
True
Suppose 2*c + 25 = -3*c. Let g(b) = 2*b**2 + 3*b - 1. Let w be g(c). Let z = -13 + w. Is z a prime number?
False
Let x(n) be the first derivative of -n**6/120 + 3*n**5/20 + 5*n**4/24 - 4*n**3/3 + n**2/2 - 3. Let l(h) be the second derivative of x(h). Is l(9) prime?
True
Suppose 145 = 6*a - 203. Is a composite?
True
Suppose 2*s = -3*o + 143, -3 + 5 = 2*s. Is o a composite number?
False
Suppose 4*u - 12 = -4. Suppose 0 = -2*t + t + u. Suppose 0 = l + 2 + t, 223 = 3*n + 2*l. Is n a composite number?
True
Let j = -17 + 26. Let b = -1 - -7. Let g = j + b. Is g a composite number?
True
Let u = -350 - -757. Is u a prime number?
False
Let z = 6 - 6. Suppose 2*h - 4 = -z*h. Suppose -2*l + 7*l + 5*p = 155, h*l + 4*p = 62. Is l a composite number?
False
Let g = -23 - -46. Let z = 38 - g. Is z a composite number?
True
Suppose -4*g + 7*g = 2811. Is g prime?
True
Let b(o) = 452*o**3 - 2*o**2 + 3*o - 2. Is b(1) composite?
True
Let u be 65/(-15) + (-1)/(-3). Is (-2)/u - (-42)/4 prime?
True
Let r be 0/(2 + (-3 - 0)). Suppose -4*z - 3*p + 307 = r, -3*z + 2*p + 101 + 108 = 0. Let b = z - 36. Is b a composite number?
False
Suppose 123 = 3*d - 114. Is d composite?
False
Suppose -5*x - 104 = -1234. Let j = 1 - 1. Suppose x - 92 = 2*r - 4*v, -v = j. Is r a prime number?
True
Suppose -5*z - 2*o + 543 + 1352 = 0, 5*o - 1516 = -4*z. Is z composite?
False
Is 14367/4 + 120/96 composite?
False
Let n = -19 + 13. Let u be (-1 + -1)*9/n. Suppose -112 = -2*k - 3*z + 45, k = -u*z + 80. Is k composite?
True
Let r(q) = q - 2. Let l be r(5). Suppose 0 = -2*f - l*f + 25. Suppose f*z - 38 = 32. Is z a composite number?
True
Suppose o - 3*t = 244, 959 = 4*o + 2*t + 3*t. Suppose -4*x + 267 = -o. Is x a prime number?
True
Let m = -68 + 1653. Is m composite?
True
Is 3 + (-19)/5 + (-33189)/(-5) a composite number?
False
Let y(b) = -2*b**3 + b**2 - 1. Let k be y(1). Is (1 - k - 2) + 24 prime?
False
Let r(o) = o**3 + 2*o**2 + o. Let v = -3 - -2. Let s be r(v). Suppose -k - 2*k + 57 = s. Is k prime?
True
Let s = -18 - -18. Suppose -351 = -4*y + r + 8, s = -3*y - 4*r + 255. Is y a prime number?
True
Suppose 2*h = -2*h - 5*m + 340, -5*m = 0. Is h prime?
False
Let x(z) = 43*z + 2. Suppose -k - 12 = -3*d, -d - d = -3*k - 15. Let s(h) = -42*h - 1. Let f(n) = d*x(n) + 4*s(n). Is f(-3) composite?
True
Suppose 2*v + 2*v - 7604 = -4*f, 3*v = f - 1885. Is f a prime number?
False
Suppose 2*m - m - 5 = 0, 2*m = -3*u + 19. Suppose c - 181 = -u*y, -2*y - 161 = -c - y. Is c prime?
False
Let w(f) = f**3 - 6*f**2. Let b be w(6). Suppose b = -4*p - 0*p + 148. Is p a composite number?
False
Suppose 0 = 5*j - 4*m + 113 - 15, 5*j = -5*m - 80. Is 4/j - (-418)/18 a prime number?
True
Let l(w) = 518*w**3 - 5*w**2 + 5*w - 1. Is l(2) a composite number?
False
Let d(t) = 3*t + 7 - 2*t + 4*t + 2*t**2. Suppose 3*c = -2*c - 30. Is d(c) a composite number?
True
Let t = 2 - -3. Suppose 1 = 4*h + t, 2*b - 39 = h. Is b prime?
True
Let d(l) be the second derivative of -l**3/3 + l**2/2 - 2*l. Let b be d(-2). Let c(p) = p**2 - 2*p + 7. Is c(b) composite?
True
Suppose -3*m + 4*w + 319 = 0, -2*w + 0*w = -3*m + 329. Is m a prime number?
True
Let f(b) = 4*b**3 - 6*b**2 + 8*b - 11. Is f(5) prime?
True
Let o(v) = 62*v - 3. Let i = -4 - -7. Let z be (3 - -1)*i/6. Is o(z) a prime number?
False
Let h = 28 - 47. Let z(r) = -r**3 + 14*r**2 - 16*r + 9. Let g be z(13). Let f = h - g. Is f prime?
True
Let g = -303 - -566. Is g a composite number?
False
Let o be -6*1*(-8)/(-6). Let i = 29 - o. Is i a composite number?
False
Let c(s) = -12 + s**2 - 14*s + 6 + 3. Is c(-14) a composite number?
False
Let w(o) = -o. Let y(n) = -8*n + 6. Let u(h) = -3*w(h) - y(h). Let i be u(6). Suppose i + 45 = 5*v. Is v a composite number?
True
Let d(c) = c**2 + 9*c - 8. Let o be d(-10). Let r be 0 - 0 - (o - 4). Suppose -5*x = -r*x - 471. Is x a prime number?
True
Let o(l) = -44*l - 2. Let z be o(-6). Let p be -1 - z - (4 - 6). Let v = -4 - p. Is v prime?
True
Suppose 2*l - 22 = 3*m, -2*m = 3*l + 2 - 9. Let d = -1 - l. Let r(u) = 4*u**2 + 9*u + 3. Is r(d) a composite number?
True
Let s(w) = -w + 8. Let y be s(8). Let v(u) = -u**2 + u - 1. Let f(t) = 2*t**2 - 3*t - 290. Let l(h) = -f(h) - 3*v(h). Is l(y) prime?
True
Let d(u) be the third derivative of -u**4/12 - u**3/2 + u**2. Let v be d(-3). Is 273/9 - (-2)/v a prime number?
True
Let p be 5*-34*12/15. Let h = p - -229. Is h prime?
False
Let u(g) = g**3 + 10*g**2 - 13*g + 19. Is u(8) a prime number?
False
Let c be ((-236)/(-5))/(10/25). Let h = c + 59. Is h a prime number?
False
Let h = 5 - 2. Let u be (-97)/(18/10 + -2). Suppose -u = h*g - 1892. Is g a prime number?
False
Suppose -4*c - 8 - 40 = 0. Let v(p) = -10*p**2 + 48*p**3 - 49*p**3 + 4*p + 9 + p - 2. Is v(c) a prime number?
False
Let q(o) = -110*o**2 - 41*o + 25. Let p(y) = 22*y**2 + 8*y - 5. Let w(n) = 11*p(n) + 2*q(n). Is w(4) a prime number?
False
Let b = -9 + 16. Suppose -b*o + 15 = -2*o. Is o composite?
False
Suppose -30 = -n + 109. Is n a composite number?
False
Let y = -546 - -769. Is y a composite number?
False
Let o(f) = -18*f - 3. Is o(-7) prime?
False
Suppose 2201 + 3241 = 6*m. Is m a prime number?
True
Let l be 10 - (-4)/((-4)/(-2)). Suppose -2*d - 36 = -l. Is (21/d)/((-2)/16) a prime number?
False
Suppose -4*d + 2 = -14. Suppose -d*u + 2*z = -442, 5*u + 0*u - 550 = 3*z. Is u prime?
True
Suppose -3*w - 21 = -4*d, -2*w - 4 - 2 = 0. Suppose d*s = -s. Suppose s = g - 0*g + 2*b - 27, 5*b - 15 = 0. Is g composite?
True
Is -20 + 19 + (-636)/(-2) composite?
False
Suppose -2*w + 9*f = 4*f - 35, 4*w = -3*f + 5. Suppose -2*q = -w*r - 17, -q + 19 =